{"id":910,"date":"2023-06-29T15:55:48","date_gmt":"2023-06-29T13:55:48","guid":{"rendered":"https:\/\/tempodanse-academy.re\/?page_id=910"},"modified":"2023-06-29T15:59:30","modified_gmt":"2023-06-29T13:59:30","slug":"cgv","status":"publish","type":"page","link":"https:\/\/tempodanse-academy.re\/index.php\/cgv\/","title":{"rendered":"CGV"},"content":{"rendered":"\t\t<div data-elementor-type=\"wp-post\" data-elementor-id=\"910\" class=\"elementor elementor-910\">\n\t\t\t\t\t\t<section class=\"elementor-section elementor-top-section elementor-element elementor-element-808609c elementor-section-boxed elementor-section-height-default elementor-section-height-default\" data-id=\"808609c\" data-element_type=\"section\" data-settings=\"{&quot;background_background&quot;:&quot;classic&quot;}\">\n\t\t\t\t\t\t<div class=\"elementor-container elementor-column-gap-default\">\n\t\t\t\t\t<div class=\"elementor-column elementor-col-100 elementor-top-column elementor-element elementor-element-cb29478\" data-id=\"cb29478\" data-element_type=\"column\">\n\t\t\t<div class=\"elementor-widget-wrap elementor-element-populated\">\n\t\t\t\t\t\t<div class=\"elementor-element elementor-element-4a19789 elementor-widget elementor-widget-heading\" data-id=\"4a19789\" data-element_type=\"widget\" data-widget_type=\"heading.default\">\n\t\t\t\t<div class=\"elementor-widget-container\">\n\t\t\t<style>\/*! elementor - v3.23.0 - 25-07-2024 *\/\n.elementor-heading-title{padding:0;margin:0;line-height:1}.elementor-widget-heading .elementor-heading-title[class*=elementor-size-]>a{color:inherit;font-size:inherit;line-height:inherit}.elementor-widget-heading .elementor-heading-title.elementor-size-small{font-size:15px}.elementor-widget-heading .elementor-heading-title.elementor-size-medium{font-size:19px}.elementor-widget-heading .elementor-heading-title.elementor-size-large{font-size:29px}.elementor-widget-heading .elementor-heading-title.elementor-size-xl{font-size:39px}.elementor-widget-heading .elementor-heading-title.elementor-size-xxl{font-size:59px}<\/style><h2 class=\"elementor-heading-title elementor-size-xl\">Conditions g\u00e9n\u00e9rales de vente<\/h2>\t\t<\/div>\n\t\t\t\t<\/div>\n\t\t\t\t\t<\/div>\n\t\t<\/div>\n\t\t\t\t\t<\/div>\n\t\t<\/section>\n\t\t\t\t<section class=\"elementor-section elementor-top-section elementor-element elementor-element-162fe28 elementor-section-boxed elementor-section-height-default elementor-section-height-default\" data-id=\"162fe28\" data-element_type=\"section\">\n\t\t\t\t\t\t<div class=\"elementor-container elementor-column-gap-default\">\n\t\t\t\t\t<div class=\"elementor-column elementor-col-100 elementor-top-column elementor-element elementor-element-69af0f2\" data-id=\"69af0f2\" data-element_type=\"column\">\n\t\t\t<div class=\"elementor-widget-wrap elementor-element-populated\">\n\t\t\t\t\t\t<div class=\"elementor-element elementor-element-ce32b97 elementor-widget elementor-widget-text-editor\" data-id=\"ce32b97\" data-element_type=\"widget\" data-widget_type=\"text-editor.default\">\n\t\t\t\t<div class=\"elementor-widget-container\">\n\t\t\t<style>\/*! elementor - v3.23.0 - 25-07-2024 *\/\n.elementor-widget-text-editor.elementor-drop-cap-view-stacked .elementor-drop-cap{background-color:#69727d;color:#fff}.elementor-widget-text-editor.elementor-drop-cap-view-framed .elementor-drop-cap{color:#69727d;border:3px solid;background-color:transparent}.elementor-widget-text-editor:not(.elementor-drop-cap-view-default) .elementor-drop-cap{margin-top:8px}.elementor-widget-text-editor:not(.elementor-drop-cap-view-default) .elementor-drop-cap-letter{width:1em;height:1em}.elementor-widget-text-editor .elementor-drop-cap{float:left;text-align:center;line-height:1;font-size:50px}.elementor-widget-text-editor .elementor-drop-cap-letter{display:inline-block}<\/style>\t\t\t\t<p><span style=\"font-size: 15px; font-weight: 400;\">(En vigueur \u00e0 partir du 29\/06\/23)&nbsp;<\/span><br><\/p>\n<p><\/p>\n<p><b>Clause n\u00b0 1 :&nbsp;<\/b><\/p>\n<p><span style=\"font-weight: 400;\">Objet Les conditions g\u00e9n\u00e9rales de vente d\u00e9crites ci-apr\u00e8s d\u00e9taillent les droits et obligations de l\u2019association Tempo Danse Academy et de son client dans le cadre de la vente des marchandises suivantes :<\/span><span style=\"font-weight: 400;\"> R\u00e9servation de cours de danse.<\/span><\/p>\n<p><span style=\"font-weight: 400;\">Toute prestation accomplie par la soci\u00e9t\u00e9<\/span> <span style=\"font-weight: 400;\">&nbsp;l\u2019association Tempo Danse Academy&nbsp; implique donc l&rsquo;adh\u00e9sion sans r\u00e9serve de l&rsquo;acheteur aux pr\u00e9sentes conditions g\u00e9n\u00e9rales de vente.&nbsp;<\/span><\/p>\n<p><\/p>\n<p><b>Clause n\u00b0 2 :<\/b><\/p>\n<p><span style=\"font-weight: 400;\">&nbsp;Prix Les prix des marchandises vendues sont ceux en vigueur au jour de la prise de commande. Ils sont libell\u00e9s en euros et calcul\u00e9s hors taxes. Par voie de cons\u00e9quence, ils seront major\u00e9s du taux de TVA et des frais de transport applicables au jour de la commande. l\u2019association Tempo Danse Academy s&rsquo;accorde le droit de modifier ses tarifs \u00e0 tout moment. Toutefois, elle s&rsquo;engage \u00e0 facturer les marchandises command\u00e9es aux prix indiqu\u00e9s lors de l&rsquo;enregistrement de la commande.&nbsp;<\/span><\/p>\n<p><\/p>\n<p><b>Clause n\u00b0 3 :&nbsp;<\/b><\/p>\n<p><span style=\"font-weight: 400;\">Rabais et ristournes Les tarifs propos\u00e9s comprennent les rabais et ristournes que la soci\u00e9t\u00e9&nbsp; l\u2019association Tempo Danse Academy&nbsp; serait amen\u00e9e \u00e0 octroyer compte tenu de ses r\u00e9sultats ou de la prise en charge par l&rsquo;acheteur de certaines prestations.&nbsp;<\/span><\/p>\n<p><\/p>\n<p><b>Clause n\u00b0 4 :&nbsp;<\/b><\/p>\n<p><span style=\"font-weight: 400;\">Escompte Aucun escompte ne sera consenti en cas de paiement anticip\u00e9.&nbsp;<\/span><\/p>\n<p><\/p>\n<p><b>Clause n\u00b0 5 :&nbsp;<\/b><\/p>\n<p><span style=\"font-weight: 400;\">Modalit\u00e9s de paiement Le r\u00e8glement des commandes s&rsquo;effectue :&nbsp;&nbsp;<\/span><\/p>\n<p><span style=\"font-weight: 400;\">Par carte bancaire ;&nbsp;&nbsp;<\/span><\/p>\n<p><\/p>\n<p><b>Clause n\u00b0 6 : Retard de paiement&nbsp;<\/b><\/p>\n<p><span style=\"font-weight: 400;\">En cas de d\u00e9faut de paiement total ou partiel des marchandises livr\u00e9es au jour de la r\u00e9ception, l&rsquo;acheteur doit verser \u00e0 la soci\u00e9t\u00e9 l\u2019association Tempo Danse Academy une p\u00e9nalit\u00e9 de retard \u00e9gale \u00e0 trois fois le taux de l&rsquo;int\u00e9r\u00eat l\u00e9gal.&nbsp;<\/span><\/p>\n<p><span style=\"font-weight: 400;\">Le taux de l&rsquo;int\u00e9r\u00eat l\u00e9gal retenu est celui en vigueur au jour de la livraison des marchandises. Cette p\u00e9nalit\u00e9 est calcul\u00e9e sur le montant TTC de la somme restant due, et court \u00e0 compter de la date d&rsquo;\u00e9ch\u00e9ance du prix sans qu&rsquo;aucune mise en demeure pr\u00e9alable ne soit n\u00e9cessaire.&nbsp;<\/span><\/p>\n<p><span style=\"font-weight: 400;\">En sus des indemnit\u00e9s de retard, toute somme non pay\u00e9e \u00e0 sa date d\u2019exigibilit\u00e9 produira de plein droit le paiement d\u2019une indemnit\u00e9 forfaitaire de 40 euros due au titre des frais de recouvrement.&nbsp;<\/span><\/p>\n<p><span style=\"font-weight: 400;\">Articles 441-6, I alin\u00e9a 12 et D. 441-5 du code de commerce.&nbsp;<\/span><\/p>\n<p><\/p>\n<p><b>Clause n\u00b0 7 : Clause r\u00e9solutoire&nbsp;<\/b><\/p>\n<p><span style=\"font-weight: 400;\">Si dans les quinze jours qui suivent la mise en \u0153uvre de la clause \u00a0\u00bb Retard de paiement \u00ab\u00a0, l&rsquo;acheteur ne s&rsquo;est pas acquitt\u00e9 des sommes restant dues, la vente sera r\u00e9solue de plein droit et pourra ouvrir droit \u00e0 l&rsquo;allocation de dommages et int\u00e9r\u00eats au profit de la soci\u00e9t\u00e9&nbsp; l\u2019association Tempo Danse Academy&nbsp;<\/span><\/p>\n<p><\/p>\n<p><b>Clause n\u00b0 8 : Clause de r\u00e9serve de propri\u00e9t\u00e9&nbsp;<\/b><\/p>\n<p><span style=\"font-weight: 400;\">La soci\u00e9t\u00e9 l\u2019association Tempo Danse Academy conserve la propri\u00e9t\u00e9 des biens vendus jusqu&rsquo;au paiement int\u00e9gral du prix, en principal et en accessoires. \u00c0 ce titre, si l&rsquo;acheteur fait l&rsquo;objet d&rsquo;un redressement ou d&rsquo;une liquidation judiciaire,&nbsp; l\u2019association Tempo Danse Academy se r\u00e9serve le droit de revendiquer, dans le cadre de la proc\u00e9dure collective, les marchandises vendues et rest\u00e9es impay\u00e9es.&nbsp;<\/span><\/p>\n<p><\/p>\n<p><b>Clause n\u00b0 9 : Livraison&nbsp;<\/b><\/p>\n<p><\/p>\n<p><span style=\"font-weight: 400;\">La livraison est effectu\u00e9e :&nbsp;&nbsp;<\/span><\/p>\n<p><span style=\"font-weight: 400;\">Par la remise directe de la marchandise \u00e0 l&rsquo;acheteur ;&nbsp;&nbsp;<\/span><\/p>\n<p><span style=\"font-weight: 400;\">Le d\u00e9lai de livraison indiqu\u00e9 lors de l&rsquo;enregistrement de la commande n&rsquo;est donn\u00e9 qu&rsquo;\u00e0 titre indicatif et n&rsquo;est aucunement garanti. Par voie de cons\u00e9quence, tout retard raisonnable dans la livraison des produits ne pourra pas donner lieu au profit de l&rsquo;acheteur \u00e0 :&nbsp; L\u2019allocation de dommages et int\u00e9r\u00eats ;&nbsp; L\u2019annulation de la commande. Le risque du transport est support\u00e9 en totalit\u00e9 par l&rsquo;acheteur. En cas de marchandises manquantes ou d\u00e9t\u00e9rior\u00e9es lors du transport, l&rsquo;acheteur devra formuler toutes les r\u00e9serves n\u00e9cessaires sur le bon de commande \u00e0 r\u00e9ception desdites marchandises.&nbsp;<\/span><\/p>\n<p><span style=\"font-weight: 400;\">Ces r\u00e9serves devront \u00eatre, en outre, confirm\u00e9es par \u00e9crit dans les cinq jours suivant la livraison, par courrier recommand\u00e9 AR.&nbsp;<\/span><\/p>\n<p><\/p>\n<p><b>Clause n\u00b0 10 : Force majeure&nbsp;<\/b><\/p>\n<p><span style=\"font-weight: 400;\">La responsabilit\u00e9 de la soci\u00e9t\u00e9 l\u2019association Tempo Danse Academy&nbsp; ne pourra pas \u00eatre mise en \u0153uvre si la non-ex\u00e9cution ou le retard dans l&rsquo;ex\u00e9cution de l&rsquo;une de ses obligations d\u00e9crites dans les pr\u00e9sentes conditions g\u00e9n\u00e9rales de vente d\u00e9coule d&rsquo;un cas de force majeure. \u00c0 ce titre, la force majeure s&rsquo;entend de tout \u00e9v\u00e9nement ext\u00e9rieur, impr\u00e9visible et irr\u00e9sistible au sens de l&rsquo;article 1148 du Code civil.&nbsp;<\/span><\/p>\n<p><\/p>\n<p><b>Clause n\u00b0 11 : Tribunal comp\u00e9tent&nbsp;<\/b><\/p>\n<p><span style=\"font-weight: 400;\">Tout litige relatif \u00e0 l&rsquo;interpr\u00e9tation et \u00e0 l&rsquo;ex\u00e9cution des pr\u00e9sentes conditions g\u00e9n\u00e9rales de vente est soumis au droit fran\u00e7ais. \u00c0 d\u00e9faut de r\u00e9solution amiable, le litige sera port\u00e9 devant le Tribunal de commerce <\/span><span style=\"font-weight: 400;\">de Saint denis.<\/span><span style=\"font-weight: 400;\">. Fait \u00e0<\/span><span style=\"font-weight: 400;\"> Saint-Paul,<\/span><span style=\"font-weight: 400;\"> le <\/span><span style=\"font-weight: 400;\">29\/06\/2023.<\/span><\/p>\t\t\t\t\t\t<\/div>\n\t\t\t\t<\/div>\n\t\t\t\t\t<\/div>\n\t\t<\/div>\n\t\t\t\t\t<\/div>\n\t\t<\/section>\n\t\t\t\t<\/div>\n\t\t","protected":false},"excerpt":{"rendered":"<p>Conditions g\u00e9n\u00e9rales de vente (En vigueur \u00e0 partir du 29\/06\/23)&nbsp; Clause n\u00b0 1 :&nbsp; Objet Les conditions g\u00e9n\u00e9rales de vente d\u00e9crites ci-apr\u00e8s d\u00e9taillent les droits et obligations de l\u2019association Tempo Danse Academy et de son client dans le cadre de la vente des marchandises suivantes : R\u00e9servation de cours de danse. Toute prestation accomplie par [&hellip;]<\/p>\n","protected":false},"author":1,"featured_media":0,"parent":0,"menu_order":0,"comment_status":"closed","ping_status":"closed","template":"","meta":{"ocean_post_layout":"full-screen","ocean_both_sidebars_style":"","ocean_both_sidebars_content_width":0,"ocean_both_sidebars_sidebars_width":0,"ocean_sidebar":"0","ocean_second_sidebar":"0","ocean_disable_margins":"on","ocean_add_body_class":"","ocean_shortcode_before_top_bar":"","ocean_shortcode_after_top_bar":"","ocean_shortcode_before_header":"","ocean_shortcode_after_header":"","ocean_has_shortcode":"","ocean_shortcode_after_title":"","ocean_shortcode_before_footer_widgets":"","ocean_shortcode_after_footer_widgets":"","ocean_shortcode_before_footer_bottom":"","ocean_shortcode_after_footer_bottom":"","ocean_display_top_bar":"default","ocean_display_header":"default","ocean_header_style":"","ocean_center_header_left_menu":"0","ocean_custom_header_template":"0","ocean_custom_logo":0,"ocean_custom_retina_logo":0,"ocean_custom_logo_max_width":0,"ocean_custom_logo_tablet_max_width":0,"ocean_custom_logo_mobile_max_width":0,"ocean_custom_logo_max_height":0,"ocean_custom_logo_tablet_max_height":0,"ocean_custom_logo_mobile_max_height":0,"ocean_header_custom_menu":"0","ocean_menu_typo_font_family":"0","ocean_menu_typo_font_subset":"","ocean_menu_typo_font_size":0,"ocean_menu_typo_font_size_tablet":0,"ocean_menu_typo_font_size_mobile":0,"ocean_menu_typo_font_size_unit":"px","ocean_menu_typo_font_weight":"","ocean_menu_typo_font_weight_tablet":"","ocean_menu_typo_font_weight_mobile":"","ocean_menu_typo_transform":"","ocean_menu_typo_transform_tablet":"","ocean_menu_typo_transform_mobile":"","ocean_menu_typo_line_height":0,"ocean_menu_typo_line_height_tablet":0,"ocean_menu_typo_line_height_mobile":0,"ocean_menu_typo_line_height_unit":"","ocean_menu_typo_spacing":0,"ocean_menu_typo_spacing_tablet":0,"ocean_menu_typo_spacing_mobile":0,"ocean_menu_typo_spacing_unit":"","ocean_menu_link_color":"","ocean_menu_link_color_hover":"","ocean_menu_link_color_active":"","ocean_menu_link_background":"","ocean_menu_link_hover_background":"","ocean_menu_link_active_background":"","ocean_menu_social_links_bg":"","ocean_menu_social_hover_links_bg":"","ocean_menu_social_links_color":"","ocean_menu_social_hover_links_color":"","ocean_disable_title":"on","ocean_disable_heading":"default","ocean_post_title":"","ocean_post_subheading":"","ocean_post_title_style":"","ocean_post_title_background_color":"","ocean_post_title_background":0,"ocean_post_title_bg_image_position":"","ocean_post_title_bg_image_attachment":"","ocean_post_title_bg_image_repeat":"","ocean_post_title_bg_image_size":"","ocean_post_title_height":0,"ocean_post_title_bg_overlay":0.5,"ocean_post_title_bg_overlay_color":"","ocean_disable_breadcrumbs":"default","ocean_breadcrumbs_color":"","ocean_breadcrumbs_separator_color":"","ocean_breadcrumbs_links_color":"","ocean_breadcrumbs_links_hover_color":"","ocean_display_footer_widgets":"default","ocean_display_footer_bottom":"default","ocean_custom_footer_template":"0","footnotes":""},"class_list":["post-910","page","type-page","status-publish","hentry","entry","owp-thumbs-layout-horizontal","owp-btn-normal","owp-tabs-layout-horizontal","has-no-thumbnails","has-product-nav"],"_links":{"self":[{"href":"https:\/\/tempodanse-academy.re\/index.php\/wp-json\/wp\/v2\/pages\/910","targetHints":{"allow":["GET"]}}],"collection":[{"href":"https:\/\/tempodanse-academy.re\/index.php\/wp-json\/wp\/v2\/pages"}],"about":[{"href":"https:\/\/tempodanse-academy.re\/index.php\/wp-json\/wp\/v2\/types\/page"}],"author":[{"embeddable":true,"href":"https:\/\/tempodanse-academy.re\/index.php\/wp-json\/wp\/v2\/users\/1"}],"replies":[{"embeddable":true,"href":"https:\/\/tempodanse-academy.re\/index.php\/wp-json\/wp\/v2\/comments?post=910"}],"version-history":[{"count":4,"href":"https:\/\/tempodanse-academy.re\/index.php\/wp-json\/wp\/v2\/pages\/910\/revisions"}],"predecessor-version":[{"id":914,"href":"https:\/\/tempodanse-academy.re\/index.php\/wp-json\/wp\/v2\/pages\/910\/revisions\/914"}],"wp:attachment":[{"href":"https:\/\/tempodanse-academy.re\/index.php\/wp-json\/wp\/v2\/media?parent=910"}],"curies":[{"name":"wp","href":"https:\/\/api.w.org\/{rel}","templated":true}]}}